8 + -7)).
12
10 - (-13 + -1 + 7 + 15) - 17
-15
-18 + 14 + -2 + (3 + -2 - 4)
-9
Calculate 28 - (-7 - (-14 - 8)).
13
Calculate (-4 - -5 - -2 - -3) + -36 + 4.
-26
What is -24 + 3 + 3 + 20?
2
What is -12 + (12 - (8 + -7))?
-1
3 - (2 + -3) - 0 - -6
10
What is -11 + (16 - 1) + -10 + -9?
-15
17 + (17 + -25 - (-21 - 1))
31
Evaluate (12 - (6 + 0) - 6) + (-83 - -59).
-24
Evaluate 16 - (17 + -1 - 2).
2
17 - 30 - -16 - -14
17
What is the value of (4 + -10 - (1 - 10)) + (17 - -14)?
34
(-16 - -17) + -6 - 2 - (0 + 6)
-13
What is the value of 0 - (1 + (5 - 1 - 1) + -2)?
-2
What is -1 + -1 - (24 + (-15 - -10))?
-21
Evaluate (1 - -3 - (-1 - 1)) + -24 + 12.
-6
What is the value of 3 + 30 + (-28 - (-11 + -9))?
25
Calculate 8 - 12 - -2 - -3.
1
What is the value of 2 - (2 - (-2 + 11)) - (274 - 243)?
-22
5 + (-1 - -6 - (11 - -23 - 16))
-8
5 + (-4 - -1) - (-5 + 7)
0
What is the value of (-6 - 2) + 13 + (2 - 14)?
-7
Evaluate -8 + (21 - 34) - (0 - -3).
-24
Calculate 10 + (-10 - -12) + 7 + -18 + -13.
-12
Evaluate (31 - 5) + -41 - (6 + -2).
-19
What is -10 + -1 + -18 + (-26 - -37)?
-18
(22 - -11) + -19 - -2
16
10 + -17 - -19 - (-2 + 3 - 0)
11
What is the value of (2 - -12) + 516 + -523?
7
What is the value of -2 + 2 + (-17 - -16 - 8) - -1?
-8
What is 2 + -3 + 5 + -10 + 3 + -1?
-4
(-3 - -4 - -15) + (28 - 15) + -7
22
Evaluate 3 + (6 - (5 - (-6 - -5))).
3
Calculate -25 - (-17 + 27 + -43).
8
What is the value of (-2 - -1 - 2) + (9 - -3) + -17?
-8
Evaluate -17 + 18 + -16 - (-20 - 16).
21
Evaluate 29 - (-9 + -16 + 54).
0
What is (2 - -3) + -13 + -5?
-13
Evaluate 9 + -13 + (-2 + -22 - -13).
-15
Calculate 1 + -4 + (23 - -5) + -12.
13
(-38 - 13 - -30) + 4
-17
Evaluate 0 - 2 - (1 + (-3 - -5) + -13).
8
What is (-11 - 0) + 7 + (-5 - (3 - 7))?
-5
What is the value of (-19 + 1 - (-3 - 7)) + 24?
16
Evaluate 28 + (-22 - 0) + (0 - 0).
6
-12 - 0 - (-54 + 55)
-13
Evaluate 9 + (-42 - -30 - (-1 - 4)).
2
(9 - -19) + 3 - 16
15
Calculate 0 + (-21 - -7) + 11 + -12 + 5.
-10
What is 4 - (-2 + 0 - (21 + -24))?
3
What is -5 + (24 - 46) - -12?
-15
Evaluate (-11 - -7 - 5) + 5.
-4
3 + 2 + (3 + 1 - 17) + 5
-3
What is -3 - 0 - (44 - 51)?
4
Evaluate 13 + 7 + 10 + -15 + 2.
17
What is -9 - (4 + -4) - (-5 + -16)?
12
What is 22 - (-11 - -28 - 14)?
19
What is the value of (-24 + 18 - 9) + (3 - (-4 - -2))?
-10
What is the value of (-30 - -47) + (-4 - 3)?
10
Evaluate 5 - ((16 - -5) + -43).
27
Evaluate 8 + 16 - 8 - -3.
19
16 + (-7 - -2 - -2 - 7) + 9
15
44 - (14 - (8 - 6))
32
Calculate (-2 + 11 - (-6 - -23)) + -7 + 0.
-15
Calculate (-24 - (8 - (15 - 10))) + 16.
-11
Calculate 9 + 5 + (-34 - -21).
1
Calculate (20 + -6 - 2) + -35 + 38.
15
What is the value of -8 + 2 - (20 + -19) - 6?
-13
What is the value of (0 - (2 - 8)) + -94 + 101?
13
What is (462 - 456) + -13 + 1?
-6
What is the value of 49 + -46 + -7 + 4 + 3?
3
What is the value of 3 + (8 + -4 - 2) - (-5 - 0)?
10
What is (-4 - 0) + 2 - (34 + -37)?
1
Evaluate -9 - 4 - (-20 + 8 + 4) - -5.
0
(-786 - -753) + (2 - -28)
-3
Evaluate 52 - 51 - (-4 + 1).
4
Evaluate -4 + (26 - 33 - (-2 - 26)) + -3.
14
What is the value of 24 + (-8 - 12) + -1?
3
Evaluate -9 - 7 - -27 - 65 - -15.
-39
Calculate (0 - -7) + 6 + 1 + -32.
-18
Evaluate 7 + 5 + -8 + 2 - -10.
16
(60 - 32) + -30 - -27
25
What is 6 - (-5 - (-36 - -11))?
-14
Calculate -18 - -23 - (-8 - -2).
11
-13 + (-6 - 16) + 11
-24
Calculate 0 + -1 + 18 + (-6122 - -6132).
27
Calculate -2 + (1 + 1 + 3 - (11 - 6)).
-2
Evaluate -303 - -284 - (2 - 42).
21
(1 - 17) + (11 - (3 + 5 + 1))
-14
Calculate 2 + (1 - 11) - (15 - (52 + -21)).
8
Evaluate (-3 - (-3 + 1 - 6)) + (-2 - -6).
9
What is -6 + (3 - -2) + -3 + 14?
10
What is the value of 1 + -12 + 30 + -30?
-11
Evaluate -39 + 36 - (-4 - 0).
1
Evaluate -3 - 10 - (2 + (-3 - -1)).
-13
What is -20 + 7 + -10 + (-12 - -18)?
-17
What is 17 + (-7 - -9) + 0 + -4?
15
Evaluate 5 + (-39 - (-4 + -36)).
6
What is the value of 4 + -9 + 4 + 1 + (8 - 23)?
-15
(-472 - -474 - (-2 + -2)) + (-1 - -19)
24
Evaluate 29 + 2 - (75 + -68).
24
Calculate -1 - (-20 - -1) - (-16 - -12 - -4).
18
What is the value of 5 - 4 - (-3 + 2)?
2
Evaluate 9 - (25 + -30) - (-1 - (-3 + 3)).
15
What is (1 - 5 - (0 - -3)) + 23 + -24?
-8
Evaluate 2 + -11 + (15 + (-7 - -9) - -2).
10
13 - (10 + -9) - 56 - -12
-32
2 + -4 - -6 - (-78 + 50 + 36)
-4
Evaluate 58 + (-31 - 15) + 13.
25
Evaluate -62 - -76 - (-1 + (3 - -41)).
-29
Calculate -12 + 9 + (2 - 12).
-13
Evaluate -7 + -4 + 3 + 14.
6
Evaluate (-17 - -1) + 11 + (-1 - 1) + -1.
-8
Evaluate 2 + 1 + -21 + 36.
18
Evaluate (17 - -4) + -8 - 19.
-6
-22 + (30 - -14) + -3
19
Calculate 20 + -60 + 15 + 6.
-19
1 + (2 - (-8 + 0)) + -9
2
What is the value of (-27 + 4 - -23) + 2 + 6?
8
What is -4 + 8 + (-4 - 6)?
-6
What is the value of 6 + 4 - (-47 - (-26 + -1))?
30
What is (6 - -2) + -4 + (22 - -3)?
29
What is the value of 15 + -1 + 681 + -685?
10
Evaluate (-14 - (-16 - -8)) + (12 - 1).
5
-93 + 116 - (22 + -2)
3
What is -1 + 3 - (36 - (47 + -30))?
-17
Evaluate 17 - (12 - 5 - (-1 - -4)).
13
Evaluate -3 - (14 - (47 + -33)).
-3
Evaluate (12 - (11 + -9) - 18) + 2.
-6
4 - (-1 + (3 - -9)) - (-2 - 5)
0
(-5 + -1 + 6 - 7) + 3 + 7
3
Evaluate (4 - 14) + (-28 - -18) - -7.
-13
What is -2 + 0 + 5 + -25 + (3 - 7)?
-26
Calculate 14 - 6 - -1 - (14 - 4).
-1
Evaluate (-5 - 4) + 5 - -35 - (-59 + 56).
34
Calculate (-7 - -1 - (16 + -4 + -12)) + 0.
-6
What is the value of 12 - (4 - -9 - -1)?
-2
What is the value of (2 - (1 + -3)) + -4 - 6?
-6
Calculate 20 - (2 - -13) - 11.
-6
What is -34 - -32 - (-7 + -5 + 1 + -1)?
10
What is the value of 4 - -1 - (-2 + 11 + -11 + 13)?
-6
11 + (1 - -10) - 11
11
What is the value of (-135 - -144) + (-1 - 21)?
-13
Evaluate -12 + -1 + 4 - (3 + 8 + -10).
-10
Evaluate -23 + 29 + -12 + -8.
-14
-7 + (-9 - -3 - -4) - -15
6
Calculate (-6 - 1) + 10 + 5 + -14.
-6
Calculate 12 + (11 - -1) + -19.
5
(-1 - 4) + 7 + -1 - 19
-18
(-28 + 11 - -26) + (7 + -3 - 9)
4
What is the value of (2 - 1 - -5) + -99 + 56 + 36?
-1
8 + 4 + (-2 + 1 + -7 - -1)
5
Evaluate 0 + 1 + -2 - (56 - 48).
-9
What is -2 + 0 + 30 + 27 + (-39 - -20)?
36
Evaluate -25 + ((-6 - 0) + -69 + 76 - 10).
-34
Evaluate -5 - (-7 + 3 - -5 - 23).
17
Calculate -7 - ((9 - 7) + -2 + -8 + 0).
1
Evaluate (12 - 2) + (-7 - -20) + -17.
6
What is the value of (-3 + -8 - -13) + 20?
22
What is -1 - -25 - (-22 - -42) - (25 - 0)?
-21
What is (-8 - -8 - (3 - 12 - -5)) + 4?
8
Evaluate 9 + -59 - -44 - (1 - -19).
-26
Calculate 5 + (-13 - (1 - 8)).
-1
Evaluate 258 + -208 + 3 + -40.
13
Calculate (11 + -18 - 11) + 33.
15
(-33 - (-37 - -26)) + 3
-19
What is the value of -12 - (-6 + 16 - 16)?
-6
Evaluate (-23 - (-25 - -12)) + 11.
1
What is the value of (-5 - 6) + 6 + 20 - -3?
18
Calculate -50 + 128 + 20 + -63.
35
Evaluate -24 + 10 + 20 + (3 - (-3 - -7)).
5
What is the value of -3 + 13 + (0 - (-17 - -27))?
0
What is the value of 10 + 0 - (224 + -177) - -17?
-20
Evaluate -26 - ((10 - 0) + (-122 - -126)).
-40
Calculate -4 + (8 - (-7 - -8 - -1)).
2
(1 - -5) + (23 - (-44 + 56))
17
What is -40 + (13 - (-24 + 6))?
-9
What is the value of -29 + 81 + -38 - (-7 - -1)?
20
Calculate 3 + 0 + 3 + (-4 - (-6 + 4)).
4
-5 - (-9 + (10 - 6))
0
Calculate (-3 - (2 + -33) - (-1 - -10)) + 2.
21
10 - -1 - ((-12 - -4) + 10)
9
Evaluate 38 - (26 + -24 + 28).
8
-16 - ((2 + 6 - 20) + 9 + 1)
-14
Evaluate -2 - (-3 + 7 + -5).
-1
What is the value of -2 - (8 - (-1 - 5 - -9)) - 8?
-15
Evaluate -40 - (-47 + -11 - -34).
-16
Evaluate (1 - -1) + (8 - 19 - -11) - 3.
-1
What is 20 + -4 - (76 + -87) - 4?
23
0 - -1 - (-121 + 136)
-14
Evaluate -8 + 13 - -6 - (7 + 0).
4
Evaluate 14 - (38 + -26 - (18 - 0)).
20
What is (3 - 7 - (0 + -8)) + 37 + -24?
17
Calculate -161 + 145 + 0 + 15.
-1
Evaluate (-4 - -3) + (-31 - -40) - -6.
14
Evaluate 16 + (0 - 5) + 3 + -27.
-13
Evaluate -8 + 7 + (0 - 1) + (-8 - -1).
-9
What is 19 - -8 - (-14 + 17)?
24
Calculate (-8 - -2) + -28 + 27 + -9 + 8.
-8
Evaluate -18 + 1 + 1 + 36 + 50 + -77.
-7
Evaluate 33 - -3 - 42 - (0 - 10).
4
What is the value of -23 + 8 - (2 - (0 + 3) - -1)?
-15
Evaluate -2 - (-9 + (11 - (3 - 13))).
-14
-22 + (18 - (-4 - -2))
-2
1 + -3 + 8 + -28 + 32
10
What is -7 + (-12 + 9 - -10) + -7 + 34?
27
What is (-3 - 8 - -4 - -2) + 3?
-2
What is 11 - ((6 - (-4 + 6)) + 9 - 10)?
8
(-15 - -12) + -3 + -12 + 57
39
-39 + (55 - (1 + -13))
28
What is (2 + -5 - 0) + (142 - 137)?
2
Evaluate 